). Let k = r - 388. What is the tens digit of k?
5
Let t(j) = -j**2 - 12*j + 4. Let a be t(-4). Suppose -7*d - 5*d + a = 0. Suppose d*i - 124 - 200 = 0. What is the tens digit of i?
0
Suppose 2 = 5*j - 4*j. Suppose 6*k + 2*n = 2*k + 312, 0 = j*k + 3*n - 152. Let s = k + 41. What is the hundreds digit of s?
1
Let i(r) = -9*r**2 + 30*r + 40 - 2*r**3 + 15 - 27. What is the tens digit of i(-11)?
7
Suppose -53*z - 20 = -57*z, -3*m - 2*z = 128. Let l(a) = 6*a**2 - 3*a - 4. Let f be l(-5). Let v = m + f. What is the units digit of v?
5
Let b be ((-12)/10)/((-6)/20). Suppose 4*n = -2*x + 66, -x + 5*n - 102 = -b*x. Suppose -3*i = -z + x, -4*z + 5*i + 225 = z. What is the units digit of z?
8
Suppose -3*s + 12 = -0. Suppose -2 + 22 = 5*l, -s*h - 8 = -l. What is the hundreds digit of ((-18)/(-30))/((2/(-410))/h)?
1
Suppose 14*s - 36 = -4*s. Suppose 220 = -0*l + 3*l + 5*v, s*v = -2*l + 152. What is the units digit of l?
0
Let n = -229 + 436. Suppose 231 = 5*u - 3*p, -5*p + n = 4*u - 0*u. Suppose 0 = -5*h, a = 3*a + h - u. What is the units digit of a?
4
Let j = -276 + 293. Suppose 0 = -13*q + j*q - 2428. What is the tens digit of q?
0
Let d be -3*(-4)/(-12)*-2. Suppose b + 0*b = d. Suppose -b*n + 14 = -0*n. What is the units digit of n?
7
Let i(h) = -h**2 - 15*h + 1706. What is the units digit of i(0)?
6
Suppose -80*c + 865 = -75*c. Let u(q) = 4*q**2 - 6. Let w be u(-5). Let f = c - w. What is the tens digit of f?
7
Suppose 5937 = n - 4*y + 1483, n - 4468 = -3*y. What is the tens digit of n?
6
Suppose 10*k + 5*b + 30 = 13*k, 2*k - 7 = -b. Suppose 0 = d - 4*d + k*x + 152, 2*x = 10. What is the units digit of d?
9
Suppose 5*z = 5*o - 40, 78*z - 81*z - 5*o = 0. Let l(s) = 50*s**2 - 14*s - 38. What is the units digit of l(z)?
2
Let r = -16009 + 31916. What is the ten thousands digit of r?
1
Let j = 13482 - 6818. What is the thousands digit of j?
6
Suppose 160*k - 155*k = 3875. Suppose -5*t + k = -m, 4*m = t - 107 - 48. What is the hundreds digit of t?
1
Suppose 640 = -k + 2*k + 3*y, 5*k = 2*y + 3234. Suppose -138*q = -137*q - k. What is the hundreds digit of q?
6
What is the thousands digit of 28/147 + 307920/126?
2
Suppose a = -a + 5*n - 42, -84 = 4*a - 2*n. What is the hundreds digit of 442 - (-14)/(-1)*(-6)/a?
4
Let c(s) = s**3 - 13*s**2 - 7*s - 60. Let d be c(14). Let m be (-5 - -4)/(2/(-74)). Suppose -m*a + d*a = 50. What is the tens digit of a?
5
Let z = 20206 - -58944. What is the ten thousands digit of z?
7
Let c(s) = -550*s + 147. Let r be c(6). Let a = -1535 - r. What is the units digit of a?
8
Let w = -129 - -328. Let d = -3 + w. What is the units digit of d?
6
Suppose 0 = 2*m + 10, -3*v + 25 = 2*v - m. Suppose 4*w = -v*w. Let b(o) = 2*o + 145. What is the hundreds digit of b(w)?
1
Suppose 0 = 22*s - 7*s - 10515. Let y = s + -174. What is the tens digit of y?
2
Suppose -19*m + 14*m = 0. Let b(h) = h**2 + h - 15. Let q be b(m). What is the units digit of 5/(q/(-24)) + -1?
7
Let d be (-5)/30 - (-26)/12. Suppose -11 = -3*m - d. What is the tens digit of m + 92/(-28) + (-205)/(-7)?
2
Let n(y) = -17*y**3 - 15*y**2 - 77*y - 124. What is the hundreds digit of n(-13)?
6
Suppose -1210 = -2*h + 4*w, -2665 - 372 = -5*h + 4*w. What is the hundreds digit of h?
6
Suppose 3*v = h + 7279, 6*h - 8950 - 3197 = -5*v. What is the thousands digit of v?
2
Let v = 19 + -17. Suppose 0 = -10*j - 6*j. Suppose 4*f - v*f - 120 = j. What is the tens digit of f?
6
Let q(h) = 2*h**2 + 12*h. Let z be q(-6). Let u(p) = -p**2 - 3*p + 314. What is the units digit of u(z)?
4
Let i(m) = -23*m - 110. Let q(v) = 7*v + 36. Let b(t) = 4*i(t) + 11*q(t). What is the units digit of b(-7)?
1
Suppose -p - h = -8781, 65*h - 61*h = -2*p + 17552. What is the tens digit of p?
8
Suppose 4*t + t = 0. Suppose 25*d - 32 = 17*d. Suppose -h + l - 2*l + 68 = 0, t = -h - d*l + 65. What is the tens digit of h?
6
Let b = 8281 - 140. What is the hundreds digit of b?
1
Let f(w) = -172*w + 2500. What is the units digit of f(9)?
2
Let r(o) = 13*o - 31. Let v be r(3). What is the tens digit of (-7 + v)/(-1 + (-1200)/(-1196))?
9
Suppose -14*i = -5*i + 5292. Let o = i - -885. What is the units digit of o?
7
Suppose -3*j + 3*v = -4*j + 18942, 3*j - 5*v - 56910 = 0. What is the tens digit of j?
6
Suppose 25*z - 252 = 28*z. Let r be (z/(-8))/(9/6). Suppose -r*m + 979 = 27. What is the tens digit of m?
3
Suppose 726*y - 721*y - 92973 = -3*q, 0 = 3*y + 5*q - 55787. What is the tens digit of y?
9
Suppose 0 = 5*g - m - 4*m + 5, 5*m = 15. Suppose g*c + 12 = 2, u - 640 = -3*c. What is the tens digit of u?
5
Suppose -9*p = -4*p + 4*n + 2922, n + 584 = -p. Let y = p + 1524. What is the tens digit of y?
3
Let m(j) = -64*j - j - 18 + 7 + 4. What is the hundreds digit of m(-3)?
1
Let c = -17535 + 26940. What is the tens digit of c?
0
Suppose 0 = 3*h + 5*o - 68890, -5*h + o - 15372 = -130170. What is the thousands digit of h?
2
Suppose 0 = 59*q - 58*q - 6. Let y(o) = 2*o**3 - 2*o**2 - 3*o + 17. What is the hundreds digit of y(q)?
3
What is the thousands digit of (-41 - ((-230)/50 - -5))*-60?
2
Let c = 30186 - 9225. What is the units digit of c?
1
Let u(a) = 7*a. Let z be u(3). Let y be (-1976)/(-608) + 7/4 + -1. Suppose 7*j = y*j + z. What is the units digit of j?
7
Suppose -8*f - l + 4*l = -470330, -f = 2*l - 58796. What is the thousands digit of f?
8
Suppose 5 = 5*r - g - 5, 2*r - g = 1. Suppose t - 4*i = 100, r*t + 185 = 5*t - 3*i. Let w = t + -69. What is the units digit of w?
9
Let r(h) = 10*h**3 - 5*h**2 - 13*h + 74. What is the tens digit of r(9)?
4
Let t = 483 - -2103. What is the thousands digit of t?
2
Suppose -179802 = -44*o + 365006 + 181676. What is the units digit of o?
1
Suppose 11406 + 11498 = 5*h + 4*g, 4*h - 18318 = 2*g. What is the tens digit of h?
8
Suppose 7906 = -21*r + 108916. What is the thousands digit of r?
4
Let v(t) = 59*t**2 + 6*t + 17. Let k(y) = -6*y**2 + 95*y + 14. Let f be k(16). What is the hundreds digit of v(f)?
2
Suppose -3*h + 18082 = i - 15111, -4*h = i - 33196. What is the units digit of i?
4
Suppose 2720 = -6*s - 4*s. Suppose 5*k - x = -439, -3*k = 2*x + 71 + 195. Let l = k - s. What is the hundreds digit of l?
1
Suppose 1359576 = -24*x + 67*x + 29*x. What is the tens digit of x?
8
What is the ten thousands digit of (-1129)/21451 - 1084540/(-19)?
5
Let l(h) = 934*h**2 - 580*h - 5252. What is the units digit of l(-9)?
2
Suppose -2*r = -3*r - y - 2, -5 = r + 4*y. Let f(h) = -464*h**3 - 5*h**2 - 4*h - 1. What is the tens digit of f(r)?
6
Let c(x) = x**3 - 27*x**2 + 6*x + 32. Suppose -3*d + 85 = -g, 4*g = 3*d - 95 + 7. What is the units digit of c(d)?
4
Let z(j) = -2470*j + 184. What is the thousands digit of z(-2)?
5
Suppose -255*y + 268*y = 61828. What is the tens digit of y?
5
Let v(y) = 5*y**2 + 67*y - 790. What is the hundreds digit of v(23)?
3
Suppose -14524 = -2*a + 2*y, 3*a + 4*y - 21807 = -0*a. What is the thousands digit of a?
7
Suppose 7*u + 3 = 4*u, -5*u - 76130 = -5*s. What is the hundreds digit of (-9)/(-6) + (s/(-10))/(-7)?
2
Let v(n) = -n**3 - 6*n**2 - 7*n - 9. Let t be v(-5). Let f be (0 + t)*(7 + 1 + 1). Suppose 4*b + 235 = f*b. What is the tens digit of b?
4
Suppose -32*k + 3202 = -29*k + o, 0 = k - 2*o - 1072. What is the hundreds digit of k?
0
Let x(c) = -1531*c + 635. What is the units digit of x(-38)?
3
Let b(v) be the first derivative of -19*v**2/2 + 14*v + 12. Suppose -9 - 33 = 6*n. What is the tens digit of b(n)?
4
Suppose 3*j = -j - 2*n + 14, 4*j + n = 19. Suppose 0 = -14*h + j*h + 32. Suppose 0 = h*g + 3*b + b - 288, 267 = 4*g - 3*b. What is the tens digit of g?
6
What is the hundreds digit of 10 + 1 - (-34976)/128*152?
5
Let q be (20/(-35))/((-2)/7). Let d(k) = 116*k - 9. What is the units digit of d(q)?
3
Let k(y) be the third derivative of 37*y**4/24 + 221*y**3/6 - 153*y**2. What is the hundreds digit of k(0)?
2
Suppose -28429 = -2*b + 121*i - 116*i, 0 = 3*b - 4*i - 42633. What is the hundreds digit of b?
2
Let r(k) = k**2 - k - 62. Let j be r(9). What is the hundreds digit of ((-84)/(-35))/12 + 11678/j?
1
What is the tens digit of 14/((-84)/(-64278))*1/3?
7
Let t(o) = o - 13. Suppose 0 = -6*g - 0*g + 60. Let f be t(g). What is the tens digit of ((-12)/(-10))/(1205/400 + f)?
9
Let j(z) = -5*z + 92. Let x be j(18). Suppose -4*p - 4*m + 467 = -49, 5*m + 265 = 